40*s + 113. Let n(t) = 5*a(t) - 4*m(t). Calculate n(-4).
-19
Let o(w) = -2*w + 26*w**2 + 0*w**3 + w**3 - 92*w**2 + 21*w**2 + 39*w**2. Suppose -16*l - 20*l + 216 = 0. Calculate o(l).
-12
Let j = 112646 + -112649. Suppose 3*z + 2*n = 4, -4*z + z + 5*n = -11. Let p(o) = -2*o - z*o - 5*o**2 + 2*o - o**3. Determine p(j).
-12
Suppose 41*z - 37*z - 65 = -3*x, -2*z = -4*x - 38. Let a(t) = -2*t**3 + 35*t**2 - 16*t + 19. Calculate a(z).
36
Let m be (17 - 27 - -12)/(-2 + 8/3). Let j(u) = u - 6*u**2 + 0*u + 3*u**2. What is j(m)?
-24
Let z(g) = -51 - 20*g + 51 - 29*g + 55*g. Calculate z(8).
48
Let h = -14199 - -14191. Let u(f) = f**2 + 8*f - 4. Calculate u(h).
-4
Let h be (-1)/(-2)*(-10 - -18). Let a be 1/1*(h + -2). Let v(p) = -7 - 10*p + 23 - 8 - p**a - 6. Give v(-10).
2
Let i(z) = z - 1. Let h = 63 - 65. Let w be (h + 1 + 2)*-3 + 43. Let a = -36 + w. Give i(a).
3
Let i be ((-21)/420*5)/((-2)/(-16)). Let g(p) = -p**3 - p**2 - 1. Let n(z) = -z**3 - z**2 + 2*z - 4. Let v(y) = -3*g(y) + n(y). Calculate v(i).
-13
Let c(k) = 62*k + 2600. Let q be c(-42). Let m(s) = s - 15. What is m(q)?
-19
Let r(l) = -11*l - 25. Let p(h) = 25*h + 53. Let d(b) = -6*p(b) - 13*r(b). What is d(-13)?
98
Let w(k) = -10*k - 66. Let v = 14198 - 14216. Calculate w(v).
114
Let a(z) be the third derivative of -z**6/180 + z**5/60 - z**4/6 + 119*z**3/6 - 3*z**2 - 14. Let r(w) be the first derivative of a(w). What is r(3)?
-16
Let g(q) be the second derivative of -q**4/3 + 14*q**3/3 - 16*q**2 + 421*q - 1. Determine g(5).
8
Suppose -1 = -3*l - 7. Let d(z) be the second derivative of -7*z**4/24 - z**3/3 + 13*z**2 - 60*z. Let q(k) be the first derivative of d(k). Give q(l).
12
Let b(y) = 39*y + 17. Let h(d) = -8*d - 17. Let l(i) = 4*i + 8. Let t(n) = -6*h(n) - 13*l(n). Let g(w) = 2*b(w) + 18*t(w). Give g(2).
10
Let n be ((-11)/33)/((-3)/(-27)). Let p(t) = 6*t**2 - 2*t + 4. What is p(n)?
64
Let d(t) = -2 - 2*t + 4*t**3 + t**2 + t - 3*t**3. Let f = -232 + 232. Suppose -13*z - l + 9 = -18*z, f = -4*l - 4. What is d(z)?
-4
Let n(o) = -o**3 + 10*o**2 - 6*o - 51. Suppose -81*r - 4*f - 60 = -85*r, -f - 51 = -5*r. Determine n(r).
-24
Let p(s) be the third derivative of 109*s**5/60 + s**4/8 + s**3/6 - 2867*s**2. Calculate p(-1).
107
Let w be 3*((-1300)/90 + 15) - 20/(-6). Let u(j) = -j**3 + 4*j**2 + 17*j - 56. Determine u(w).
4
Let r = 349 + -349. Let j(b) be the first derivative of -b**4/4 + b**3/3 - b**2/2 + 2*b - 119. Give j(r).
2
Let t = -405 + 401. Suppose -3*u - 15 = -8*u. Let i(q) = -3*q**2 + 2*q - 4. Let a(g) = 2*g**2 - g + 2. Let y(n) = u*i(n) + 5*a(n). Give y(t).
10
Let t = -248 - -261. Suppose -v = -0*n - 3*n - 3, -3*v - 2*n - t = 0. Let x(f) = -3*f**2 + f - 2. Calculate x(v).
-32
Let h(o) = 9*o**2 + 4*o + 2. Let a be (1 + -4)*(210/63)/10. Give h(a).
7
Let d be ((-2)/(-3))/((-15)/(-360)). Suppose 0 = d*s - 13*s - 15. Let y(r) = -s*r + 4*r + 0*r + 3 - 1. Calculate y(5).
-3
Let v(k) = -k**2 + 13*k - 14. Let d(i) = 2*i - 3. Let c(r) = r + 1. Let f(u) = 6*c(u) - 2*d(u). Let q be f(0). What is v(q)?
-2
Let u(o) = o**2 - 7*o - 6. Let n(v) = v**2 + 2*v. Let g be n(-2). Suppose g = 131*m - 127*m - 32. Give u(m).
2
Let p(t) be the third derivative of -t**4/6 + t**3/3 - 1413*t**2. Let u(v) = -6*v**3 + 2*v - 1. Let k be u(1). What is p(k)?
22
Let d(n) = n**2 + n - 5. Suppose -5*k = 3*g + 7 + 9, 3*k = 2*g - 21. Give d(k).
15
Let u(m) = 252 - 457 + 216 - 23*m. Calculate u(0).
11
Let g(l) = l**2 + 7*l + 6. Let w be g(-5). Let u(h) = 51*h**3 - 8 + 2*h**2 + 2*h**2 - 50*h**3 - 9 + 9 - 4*h + 7. Calculate u(w).
15
Suppose 516*m - 562 - 1283 = -99*m. Let f(i) be the third derivative of i**6/120 + i**5/60 - i**4/8 - i**3/3 - i**2. What is f(m)?
25
Let u(o) = -3*o - 3. Let h be ((-14)/28)/((-2)/(-20)). Let q(z) = -2*z - 2. Let g(r) = h*u(r) + 7*q(r). Give g(-7).
-6
Let h(l) = -l**2 + 13*l + 235. Let u be h(23). Let x(z) = 2*z**2 + 12 + u*z**2 - 4 + 11*z - 6*z**2 + 3. What is x(-9)?
-7
Let o = 209 + -214. Let r(z) = 15*z + 73. Give r(o).
-2
Let a(o) = -147*o - 151*o - 13 + 2 + 299*o. Give a(6).
-5
Let o(x) be the first derivative of x**4/12 + x**3/2 + 13*x**2 + 105. Let d(w) be the second derivative of o(w). What is d(6)?
15
Let s be -3 + (-53 - -58) + 1/(-1). Suppose 4*w + 5 - 17 = 0. Let a(x) = 1 - 2*x + 2*x**2 - x**2 + x**3 + 5*x**w. Give a(s).
6
Let h be 0/(((-3)/(-1))/3). Suppose h = -c - 31 + 27. Let k(v) be the first derivative of v**4/4 + 4*v**3/3 - v**2/2 - 4*v + 30. Calculate k(c).
0
Let h(t) = t**3 - 2*t**2 - t + 55. Let v(w) = w**3 - 3*w**2 - w + 65. Let d(f) = -6*h(f) + 5*v(f). What is d(3)?
-56
Let n(o) = 14*o**2 - 32*o + 8. Let q(a) = -5*a**2 + 11*a - 3. Let g(h) = 6*n(h) + 17*q(h). Let p be ((15/54)/((-22)/(-264)))/(10/(-12)). Give g(p).
1
Let x(o) = -2296371*o + 4592739*o - 3 - 21 - 2296367*o. Let k = -1 + 1. Determine x(k).
-24
Let p = 156 - 76. Let u = p + -36. Let y(g) = g - 18 + u - 17. Give y(-11).
-2
Let a(h) = -27 - 21*h**2 - 24 + 7*h**2 + 9*h + 38 + 7*h**2 + h**3. Calculate a(6).
5
Let p(x) = -3*x + 13. Suppose 4*z + 1786 + 1975 = -i, 3*i = -3. Let c = 946 + z. What is p(c)?
-5
Let z(j) = 2*j**2 + j + 2 - 3*j**2 + 3. Let a(t) = 12*t**2 - 31*t. Let d be a(4). Let f = d + -64. Give z(f).
-7
Let p(z) = -867 + 868 + 18*z - 21*z. Suppose 2*a - 12 = -2*a. Calculate p(a).
-8
Let b = -418 - -420. Let j(m) = -m - 2*m + 6*m**b + 73 + m**3 + 67 - 152. What is j(-6)?
6
Let h(a) = 5*a**2 - 21*a - 257. Let x(q) = -4*q**2 + 14*q + 256. Let k(r) = 3*h(r) + 4*x(r). Give k(-20).
-7
Let c(n) = 134 + 143 - 278 + 3*n + 3*n + n**2. Suppose y = -0*y - 7. Give c(y).
6
Suppose 4*a - 416 = 3*s + 922, -4*s + 680 = 2*a. Let z(n) = 164*n - a*n + 173*n. What is z(1)?
1
Let k be (-1)/(1/(-6))*(-40)/(-30). Let y be ((-15)/(-2) + -1)*-2. Let t(r) = -7*r + 1. Let p(b) = 3*b. Let g(a) = y*p(a) - 6*t(a). What is g(k)?
18
Let s(j) = -9*j + 36. Suppose -39577*u - 124 = -39608*u. What is s(u)?
0
Suppose 51 = 3*l - u, -u + 1 = 4. Suppose l = j + 4*i, 6*j = j + 4*i + 8. Suppose n = 3*o - 2*o + 8, 4 = j*o + 5*n. Let b(g) = g**2 + 3*g + 4. What is b(o)?
8
Suppose 83*d - 10*d - 213 = 2*d. Let f(z) = z**2 - 2*z - 2. Calculate f(d).
1
Let i = -166 - -244. Suppose i = -a + 14*a. Let b(z) = -z + 1. Give b(a).
-5
Let w(d) = 24 + 60 - 9*d - 10*d - 6*d + 67. Give w(6).
1
Let r(g) = -4 + 1130*g + 0*g**2 - 7*g**2 + 9*g**2 - 1116*g - 4. Give r(-7).
-8
Let y(s) be the first derivative of s**2 + 20*s - 2977. Calculate y(8).
36
Let f(g) = 6*g + 0*g - 5 - 8*g + g**2. Let m(a) = -3*a**2 - 68*a - 396. Let q(b) = -b**2 - 23*b - 132. Let w(o) = 2*m(o) - 7*q(o). Let h be w(-18). Give f(h).
19
Suppose 3 = 4*s - 4*b + 11, -4*s + 19 = 5*b. Let w(n) = 10 - 4*n + 1 + 3 - s. What is w(9)?
-23
Let f(a) be the first derivative of -a + 90 + 27 + a**2 - 11*a. What is f(10)?
8
Suppose 0 = 4*z - 15 + 39. Let l(j) = -7*j**3 - 8*j**2 + 5*j - 7. Let a(c) = -5*c**3 - 7*c**2 + 6*c - 4. Let w(g) = -3*a(g) + 2*l(g). Give w(z).
10
Let n(l) = -58*l + 12 - 26*l**2 + l**2 + 18*l**2 + 10*l**2. Give n(19).
-7
Let m be 59/(-236) - 2/(-8) - 4/(-1). Let l(k) = k**3 - 3*k**2 - k - 10. Calculate l(m).
2
Let s(p) = 4*p**2 + 5*p + 6. Let a(f) = f**2 + 1. Suppose 10 = v - 4*k - 15, -5*k = 3*v + 10. Let g(o) = v*a(o) - s(o). Determine g(5).
-1
Let w(d) = d. Let c(z) = z + 9. Let g(o) = c(o) + 3*w(o). Let v(t) = -t**2 + 8*t - 13. Let u be v(7). What is g(u)?
-15
Let r(s) = s**3 + s**2 - 2*s - 69. Suppose 128*c = -87*c. Give r(c).
-69
Let v(s) be the first derivative of s**4/24 - s**3/2 - 37*s**2 + 136. Let y(g) be the second derivative of v(g). What is y(3)?
0
Let o(r) = r**2 + 4*r - 10. Let h be o(-6). Suppose 10 = 4*d + h*u, -d + 5*u + 19 = -0*d. Suppose 5*j - d*j - 2 = 0. Let i(a) = -4*a - 2. Determine i(j).
-10
Let q be (10/(-2))/(30/(-12)). Let d(k) = -k + 4. Let c be d(q). Let u(n) = 0*n - 3*n - 3 + 9*n. Calculate u(c).
9
Let q(f) be the first derivative of -2*f**3/3 - 55*f**2/2 - 28*f + 3150. Determine q(-27).
-1
Let p = 2266 - 2256. Let z(j) = j**3 - 10*j**2 - j + 29. Determine z(p).
19
Suppose -2 - 6 = 2*o, -2*o = 3*j + 2. Suppose -6 = 4*q + j. Let t(z) be the second derivative of z**3/3 - z**2 + 155*z. Give t(q).
-6
Let l(s) = -3*s**2 - s + 9. Let g(t) be the third derivative of t**5/15 + t**4/24 - 4*t**3/3 - 8*t**2 + 3. Let v(j) = -2*g(j) - 3*l(j). Determine v(0).
-11